3, 43
Let a(i) = 27*i**3 + 8*i**2 + 149*i - 1313. List the prime factors of a(10).
101, 277
Let o = 23892 + -13759. What are the prime factors of o?
10133
Let n = -7447 - -30654. List the prime factors of n.
23, 1009
Suppose 0 = 25*m - 934 + 7259. Let z = 812 + m. What are the prime factors of z?
13, 43
Let f(j) = 86*j + 16. Suppose 0 = 2*b - o - 110, 0 = -3*b + 3*o + 45 + 120. Let z be 22/b + ((-78)/10)/(-3). List the prime factors of f(z).
2, 137
Let u(g) = 7*g**2 - 47*g + 621. List the prime factors of u(36).
3, 7, 127
List the prime factors of 233832/12 + (3 + -2 - 2).
3, 5, 433
Let x(r) = -2*r + 11. Suppose -99*u + 102*u - 9 = 0. Suppose -u*a - 1 = -g + 6, -5*a - 13 = -g. What are the prime factors of x(a)?
17
Suppose 11 = -15*n + 4*n. Let a = 5 + n. Suppose v - 267 = -a*h, 5*v = -3*h + 300 - 87. What are the prime factors of h?
2, 3, 11
Let k = -34199 - -36777. List the prime factors of k.
2, 1289
What are the prime factors of (-1210)/121*(-5217)/2?
3, 5, 37, 47
Let v be 3/(-15) - (-7)/((-140)/(-64)). Suppose -7*r + 96 = -v*r. What are the prime factors of r?
2, 3
Suppose -6*l = 2668 - 2698. Suppose -f = l*c - 566, 0 = 4*f - 3*c + c - 2374. What are the prime factors of f?
3, 197
Let k(s) = -73*s - 39. Let g be k(4). Let n = 487 - g. What are the prime factors of n?
2, 409
Suppose -16*x + 84 = -156. Suppose 963 = x*w - 1002. Suppose 5*c = 3*q - w, 4*q - 4*c - 180 = -0*q. What are the prime factors of q?
47
Suppose -59*w - 1110037 = -0*w - 78*w. What are the prime factors of w?
37, 1579
Suppose 39*c - 71757 = 18*c. Let v = c + -2300. List the prime factors of v.
1117
Let l = -387 + 561. Suppose -l = 7*j + 64. Let a = j - -49. What are the prime factors of a?
3, 5
Let n be 376208/840 + (8/(-30))/(-2). Let k = 670 - n. What are the prime factors of k?
2, 3, 37
Suppose c + 8 = -4*v, -v + 2*c + 0 - 2 = 0. Let r(m) = -660*m + 5. List the prime factors of r(v).
5, 53
Let j(n) = -6*n + 6*n + 6*n - 4*n + 117 + 9*n. What are the prime factors of j(-10)?
7
Let w be 1*-385 + 80/(-16). Let s = 422 + w. What are the prime factors of s?
2
Let b(f) = -f**3 + 20*f**2 - 21*f + 16. Let v be b(19). Let o = v - -487. List the prime factors of o.
3, 5, 31
Suppose 33730 = 2*u + 40*b - 38*b, -7*u - 2*b + 118085 = 0. What are the prime factors of u?
16871
Suppose -11*c - 191*c - c + 1716568 = 0. What are the prime factors of c?
2, 7, 151
Suppose -75*z + 82*z - 76384 = 0. What are the prime factors of z?
2, 11, 31
Suppose 35*l + 38944 - 241952 - 32402 = 0. What are the prime factors of l?
2, 3, 19, 59
Suppose 6*l = -20150 - 110260. What are the prime factors of (l/(-54))/((-2)/(-4))?
5, 7, 23
Let d = 4473 + -8957. List the prime factors of d/(-7) - 6/(-14).
641
Let w(v) = -7*v**2 + 62*v + 16. Let t be w(9). What are the prime factors of (1142 - (-4 + -1)) + t?
2, 577
Suppose -158*t - 58*t = -2*t - 5464918. What are the prime factors of t?
25537
Let g = 22 + -20. Suppose 0 = g*a - 59 - 13. Suppose a*h + 565 = 41*h. List the prime factors of h.
113
Let a(u) = -5*u**2 + u - 11. Let p(t) = -2*t**2 - 6. Let f(i) = -3*a(i) + 7*p(i). Let y be f(5). What are the prime factors of (4/12)/(y/339)?
113
Let t = 78279 - 40343. What are the prime factors of t?
2, 2371
Let h = 59934 - 30946. What are the prime factors of h?
2, 7247
Suppose -w + n + 26528 = 0, -12*n + 7*n = -3*w + 79586. List the prime factors of w.
41, 647
Suppose -82*x = -84*x + v + 11897, 3*v + 29740 = 5*x. What are the prime factors of x?
11, 541
Suppose -3*y = -18*d + 22*d - 21837, -4*y + 3*d + 29066 = 0. What are the prime factors of y?
11, 661
Suppose 3*y + 28 = 4*y. Let p(m) = m**2 + 2*m - 4. Let b be p(4). Let z = y + b. What are the prime factors of z?
2, 3
Let s = 228 + 826. Let z = s + -738. What are the prime factors of z?
2, 79
Let z(b) = -17*b + 152. Let q be z(-21). Let y(d) = -d**3 - 14*d**2 - 7*d - 9. Let n be y(-7). Let x = q + n. What are the prime factors of x?
2, 103
Let c(u) = -48*u - 22. Let l(s) = -s**3 - 24*s**2 - 21*s + 26. Let d be l(-23). List the prime factors of c(d).
2, 7, 67
Let w(p) = -p + 19. Let v(u) = 8*u - 12. Let t be v(3). Let q be w(t). Suppose -q*z + 4*z + 201 = 0. What are the prime factors of z?
67
Suppose -3*l - 4*k + 13 = 0, 0 = 2*l + 5*k - 4*k - 7. Suppose -l*t + 1394 = 4*h, -2*h = -0*t - 4*t + 1888. What are the prime factors of t?
2, 5, 47
Let l(s) = s**2 - 2. Let c(t) = -2. Let y(r) = 3*c(r) - 4*l(r). Let h be y(2). Let g = h + 79. List the prime factors of g.
5, 13
Let s(o) = -17*o - 97. Suppose 2*j + 22 = 5*m, -3*m - 6*j + 34 = -2*j. Let g(c) = -19*c - 97. Let w(n) = m*g(n) - 7*s(n). What are the prime factors of w(0)?
97
Let k(v) = 12*v**2 + 24 - 4 - 14 - 25 - 11 + v. List the prime factors of k(-11).
17, 83
Let b = 2246 - 808. What are the prime factors of b?
2, 719
Let a(d) = -7*d**2 + 14*d + 25. Let s(l) = 22*l**2 - 45*l - 73. Let p(q) = -7*a(q) - 2*s(q). List the prime factors of p(-5).
2, 17
Let f(h) = h**3 - h**2 + 22*h + 8. Let g(b) = 3*b**3 - 2*b**2 + 65*b + 23. Let a(s) = 7*f(s) - 2*g(s). What are the prime factors of a(9)?
2, 89
Suppose 5*u = 12*i - 13*i - 54, 2*i + 48 = -4*u. What are the prime factors of (12 + u - 83)/((-6)/28)?
2, 3, 7
Let v(y) = -y**2 - y + 44. Let o be v(6). Let q = 0 - -6. What are the prime factors of (o/2)/(q/498)?
83
Suppose 6*m + 12 = 12*m. Suppose -5*w + 107 = -4*y, w + m = 3*y + 30. Suppose 7 = 4*a + w, 3*u - a = 168. What are the prime factors of u?
5, 11
Let f(z) = -44*z**3 + 7*z**2 - 37*z + 65. List the prime factors of f(-11).
3, 19961
Let w be ((-92)/6)/((-2)/(-9)). Let z be (w/3)/(3 + (-15)/6). List the prime factors of z/115 + 1094/10.
109
Let y(x) = 408*x - 5523. List the prime factors of y(89).
3, 11, 311
Let i = 844 + 40. What are the prime factors of i?
2, 13, 17
Let q be (-2 - 25/(-6)) + 1/(-6). Suppose 3*x = -q*x - 50. Let l(w) = -3*w + 29. List the prime factors of l(x).
59
Suppose 0*f + 2*f = n - 336, 2*n = 3*f + 668. Let g = 747 - n. Suppose -4*w - 3*q + 799 = 0, -w - w = -5*q - g. List the prime factors of w.
2, 101
Suppose -3*d - d = 2*n - 182, 0 = -n + 1. Let s = d + -39. List the prime factors of -111*(-5)/(45/s).
2, 37
Suppose -26*z + 251886 = -191934. List the prime factors of z.
2, 3, 5, 569
Let v(o) = -39*o - 74. Let b(q) = 79*q + 149. Let p(x) = -4*b(x) - 9*v(x). List the prime factors of p(15).
5, 7, 17
Let b be 15/(-20) + 2/(8/(-505)). What are the prime factors of ((7 + b)/(-4))/(4/34)?
3, 5, 17
Let f(m) = -m**3 - 5*m**2 - 2*m - 7. Let x be f(-5). List the prime factors of -2615*(-1)/15*x.
523
Let s be (-6)/(-45) + 28584/270. List the prime factors of 4728/14 + s/371.
2, 13
Let d = 100 + -394. Let c = d + 445. What are the prime factors of c?
151
Let h = -1937 - -5506. What are the prime factors of h?
43, 83
Let w(c) = -c**3 + 16*c**2 - c + 58. Let j be w(11). Suppose j = -3*g + 3136. List the prime factors of g.
2, 3, 23
What are the prime factors of (((-19059)/12)/((-4)/(-32)))/(-2)?
6353
Let n be 16/4*6/8. Suppose -5*w + 2*y = -6*w + 4, -3*y - 16 = -4*w. Suppose 5*d - 38 = -3*p - p, -n*p + 29 = w*d. List the prime factors of p.
7
Let x(m) = 14*m**2 - 16. Suppose 5*y + 4*g + 231 = 0, 0 = -6*y + 3*y + g - 142. Let o = 51 + y. List the prime factors of x(o).
2, 13
Let p(t) be the third derivative of t**6/120 - t**5/15 - t**4/24 - t**3/3 - 15*t**2. Let n be p(6). Suppose -q + 38 = -n. What are the prime factors of q?
2, 3, 17
Let c(f) = 2*f**2 + 8*f - 34. Let n be c(-14). Let u = n + -207. List the prime factors of u.
3, 13
Let u be 6 + ((-7624)/14 - (-48)/(-112)). Let j = 528 - u. List the prime factors of j.
11, 97
Let k be 282/4*(-24 - -26). Let i = -66 + k. What are the prime factors of i?
3, 5
Let a be (-42)/4 - ((-170)/(-20) + -8). Suppose k + 2*k - 2*o = 2258, -5*k + o = -3775. What are the prime factors of k/44 - ((-2)/a - 0)?
17
Let l = -15 - -21. Suppose 0 = -3*w + l, 3*v - 2*w = 6*v - 115. Suppose -5*f = -25, 4*o - 6*f - v = -3*f. List the prime factors of o.
13
Suppose 168*s - 333*s - 121066 = -176*s. List the prime factors of s.
2, 5503
Suppose -3*a = -3*z - 1038, 7*a - 6*a = -3. Let w = z - -735. What are the prime factors of w?
2, 193
Suppose -5*s + 437 = -158. Let g = s + 19. Let i = -3 + g. What are the prime factors of i?
3, 5
Let u = 31205 - 18397. What are the prime facto